What is the thousands digit of 3094?
3
What is the units digit of 480?
0
What is the tens digit of 33210?
1
What is the hundred thousands digit of 101379?
1
What is the tens digit of 529?
2
What is the hundreds digit of 5264?
2
What is the tens digit of 2870?
7
What is the tens digit of 1395?
9
What is the thousands digit of 8172?
8
What is the ten thousands digit of 158300?
5
What is the tens digit of 1276?
7
What is the units digit of 48803?
3
What is the tens digit of 951?
5
What is the thousands digit of 14523?
4
What is the units digit of 260?
0
What is the thousands digit of 15392?
5
What is the units digit of 4656?
6
What is the hundreds digit of 1550?
5
What is the hundreds digit of 8552?
5
What is the tens digit of 17362?
6
What is the hundreds digit of 217?
2
What is the tens digit of 108967?
6
What is the tens digit of 32096?
9
What is the units digit of 3041?
1
What is the thousands digit of 34255?
4
What is the units digit of 136065?
5
What is the ten thousands digit of 21947?
2
What is the tens digit of 59271?
7
What is the units digit of 1063?
3
What is the ten thousands digit of 18592?
1
What is the tens digit of 1441?
4
What is the hundreds digit of 37023?
0
What is the hundreds digit of 9705?
7
What is the thousands digit of 1124?
1
What is the hundreds digit of 38398?
3
What is the hundreds digit of 3155?
1
What is the thousands digit of 27066?
7
What is the ten thousands digit of 26120?
2
What is the thousands digit of 1366?
1
What is the hundreds digit of 604?
6
What is the hundreds digit of 5034?
0
What is the thousands digit of 19307?
9
What is the hundreds digit of 13417?
4
What is the hundreds digit of 5168?
1
What is the hundreds digit of 2122?
1
What is the units digit of 999?
9
What is the tens digit of 1834?
3
What is the units digit of 215?
5
What is the tens digit of 80982?
8
What is the units digit of 7705?
5
What is the tens digit of 1219?
1
What is the tens digit of 27307?
0
What is the thousands digit of 5886?
5
What is the thousands digit of 7247?
7
What is the hundreds digit of 1867?
8
What is the ten thousands digit of 93719?
9
What is the units digit of 159491?
1
What is the units digit of 3587?
7
What is the thousands digit of 8862?
8
What is the hundreds digit of 24012?
0
What is the hundreds digit of 607?
6
What is the tens digit of 363?
6
What is the hundreds digit of 60736?
7
What is the hundreds digit of 5644?
6
What is the units digit of 11188?
8
What is the thousands digit of 44607?
4
What is the units digit of 52074?
4
What is the ten thousands digit of 13041?
1
What is the hundreds digit of 2985?
9
What is the tens digit of 4568?
6
What is the tens digit of 8323?
2
What is the tens digit of 37720?
2
What is the units digit of 1508?
8
What is the tens digit of 1557?
5
What is the hundreds digit of 9811?
8
What is the units digit of 20042?
2
What is the ten thousands digit of 18465?
1
What is the units digit of 10053?
3
What is the ten thousands digit of 15884?
1
What is the thousands digit of 13489?
3
What is the units digit of 446?
6
What is the hundreds digit of 3334?
3
What is the ten thousands digit of 117477?
1
What is the thousands digit of 1283?
1
What is the hundreds digit of 1124?
1
What is the hundreds digit of 1313?
3
What is the hundreds digit of 13947?
9
What is the thousands digit of 1125?
1
What is the ten thousands digit of 17474?
1
What is the tens digit of 90923?
2
What is the units digit of 3110?
0
What is the units digit of 10504?
4
What is the thousands digit of 16900?
6
What is the tens digit of 93?
9
What is the tens digit of 2062?
6
What is the tens digit of 3259?
5
What is the thousands digit of 6241?
6
What is the units digit of 25124?
4
What is the tens digit of 10188?
8
What is the units digit of 5743?
3
What is the hundreds digit of 17433?
4
What is the hundreds digit of 786?
7
What is the units digit of 215?
5
What is the hundreds digit of 1727?
7
What is the tens digit of 801?
0
What is the hundreds digit of 9853?
8
What is the ten thousands digit of 25411?
2
What is the thousands digit of 1829?
1
What is the tens digit of 13814?
1
What is the ten thousands digit of 41531?
4
What is the thousands digit of 2348?
2
What is the hundreds digit of 6548?
5
What is the units digit of 60?
0
What is the thousands digit of 2595?
2
What is the hundreds digit of 5594?
5
What is the hundreds digit of 2885?
8
What is the thousands digit of 7352?
7
What is the tens digit of 6783?
8
What is the thousands digit of 64752?
4
What is the thousands digit of 115619?
5
What is the thousands digit of 63006?
3
What is the hundreds digit of 2199?
1
What is the hundreds digit of 2271?
2
What is the units digit of 124282?
2
What is the thousands digit of 1390?
1
What is the units digit of 22772?
2
What is the hundreds digit of 854?
8
What is the units digit of 8366?
6
What is the tens digit of 108760?
6
What is the tens digit of 4351?
5
What is the thousands digit of 1578?
1
What is the tens digit of 36064?
6
What is the hundreds digit of 9892?
8
What is the hundreds digit of 5151?
1
What is the hundreds digit of 6111?
1
What is the hundreds digit of 71873?
8
What is the ten thousands digit of 51778?
5
What is the thousands digit of 1854?
1
What is the units digit of 325?
5
What is the units digit of 43197?
7
What is the tens digit of 32546?
4
What is the units digit of 24?
4
What is the units digit of 9078?
8
What is the hundreds digit of 952?
9
What is the hundreds digit of 397?
3
What is the units digit of 75879?
9
What is the hundreds digit of 6201?
2
What is the thousands digit of 3657?
3
What is the hundreds digit of 857?
8
What is the tens digit of 130?
3
What is the tens digit of 36072?
7
What is the thousands digit of 48385?
8
What is the units digit of 4791?
1
What is the tens digit of 24300?
0
What is the tens digit of 14163?
6
What is the ten thousands digit of 17442?
1
What is the units digit of 7225?
5
What is the units digit of 19232?
2
What is the ten thousands digit of 33154?
3
What is the thousands digit of 17664?
7
What is the tens digit of 945?
4
What is the hundreds digit of 4242?
2
What is the hundreds digit of 1938?
9
What is the units digit of 8600?
0
What is the thousands digit of 28862?
8
What is the tens digit of 454?
5
What is the hundreds digit of 3702?
7
What is the thousands digit of 41374?
1
What is the units digit of 926?
6
What is the ten thousands digit of 31926?
3
What is the tens digit of 7808?
0
What is the units digit of 4069?
9
What is the hundreds digit of 48185?
1
What is the tens digit of 4902?
0
What is the hundreds digit of 44153?
1
What is the hundreds digit of 943?
9
What is the ten thousands digit of 12567?
1
What is the thousands digit of 2056?
2
What is the hundreds digit of 5041?
0
What is the units digit of 6257?
7
What is the tens digit of 140?
4
What is the units digit of 5609?
9
What is the tens digit of 3872?
7
What is the units digit of 631?
1
What is the ten thousands digit of 11062?
1
What is the units digit of 628?
8
What is the hundreds digit of 75668?
6
What is the units digit of 93373?
3
What is the units digit of 11556?
6
What is the hundreds digit of 18389?
3
What is the units digit of 468?
8
What is the tens digit of 135?
3
What is the hundreds digit of 14105?
1
What is the tens digit of 45604?
0
What is the hundreds digit of 119205?
2
What is the hundreds digit of 1144?
1
What is the ten thousands digit of 18024?
1
What is the thousands digit of 34221?
4
What is the hundreds digit of 3448?
4
What is the thousands digit of 4181?
4
What is the hundreds digit of 1748?
7
What is the units digit of 64262?
2
What is the thousands digit of 4886?
4
What is the tens digit of 1797?
9
What is the units digit of 132612?
2
What is the hundreds digit of 6219?
2
What is the thousands digit of 76956?
6
What is the tens digit of 2399?
9
What is the hundreds digit of 709?
7
What is the thousands digit of 1923?
1
What is the hundreds digit of 4353?
3
What is the units digit of 761?
1
What is the thousands digit of 101498?
1
What is the units digit of 3084?
4
What is the tens digit of 56607?
0
What is the hundreds digit of 962?
9
What is the tens digit of 5187?
8
What is the units digit of 7521?
1
What is the units digit of 878?
8
What is the